{"id":43,"date":"2014-12-23T13:14:57","date_gmt":"2014-12-23T13:14:57","guid":{"rendered":"http:\/\/themes.muffingroup.com\/be\/energy\/?page_id=43"},"modified":"2019-04-29T00:02:40","modified_gmt":"2019-04-28T22:02:40","slug":"about-us","status":"publish","type":"page","link":"https:\/\/infomania-services-fr.mon.world\/?page_id=43","title":{"rendered":"PR\u00c9SENTATION"},"content":{"rendered":"<p>[vc_row][vc_column][vc_separator border_width=\u00a0\u00bb3&Prime; css_animation=\u00a0\u00bbtop-to-bottom\u00a0\u00bb][vc_column_text css_animation=\u00a0\u00bbtop-to-bottom\u00a0\u00bb]<\/p>\n<h4>&nbsp;Infomania est une soci\u00e9t\u00e9 de service conseil et d\u2019ing\u00e9nierie informatique cr\u00e9e en France et qui propose ses services sur l\u2019ensemble du territoire europ\u00e9en.<\/h4>\n<p>[\/vc_column_text][vc_separator border_width=\u00a0\u00bb3&Prime; css_animation=\u00a0\u00bbtop-to-bottom\u00a0\u00bb][\/vc_column][\/vc_row][vc_row][vc_column][vc_single_image image=\u00a0\u00bb178&Prime; img_size=\u00a0\u00bb600&#215;400&Prime; alignment=\u00a0\u00bbcenter\u00a0\u00bb style=\u00a0\u00bbvc_box_shadow\u00a0\u00bb css_animation=\u00a0\u00bbtop-to-bottom\u00a0\u00bb][vc_separator border_width=\u00a0\u00bb3&Prime; css_animation=\u00a0\u00bbtop-to-bottom\u00a0\u00bb][\/vc_column][\/vc_row][vc_row][vc_column][vc_column_text css_animation=\u00a0\u00bbtop-to-bottom\u00a0\u00bb]<\/p>\n<p class=\"has-text-color has-medium-font-size has-very-dark-gray-color\">Nous mettons \u00e0 la disposition de nos clients un large panel de savoir faire et d\u2019expertises techniques et fonctionnelles sp\u00e9cialis\u00e9es dans les diff\u00e9rents secteurs d\u2019activit\u00e9s.<\/p>\n<p class=\"has-text-color has-medium-font-size has-very-dark-gray-color\">La r\u00e9ussite de nos missions, aussi bien en conseil ou en r\u00e9alisation de projets complexes, se construit chaque jour autour des comp\u00e9tences de nos ing\u00e9nieurs et de nos techniciens : Sens du service r\u00e9activit\u00e9, professionnalisme, \u00e9coute, implication, \u2026<\/p>\n<p class=\"has-text-color has-medium-font-size has-very-dark-gray-color\">Infomania exerce son activit\u00e9 dans trois segments de march\u00e9 : le Conseil, l\u2019Ing\u00e9nierie Applicative et l\u2019Infrastructures Services.<\/p>\n<p>[\/vc_column_text][\/vc_column][\/vc_row]<\/p>\n","protected":false},"excerpt":{"rendered":"<p>[vc_row][vc_column][vc_separator border_width=\u00a0\u00bb3&Prime; css_animation=\u00a0\u00bbtop-to-bottom\u00a0\u00bb][vc_column_text css_animation=\u00a0\u00bbtop-to-bottom\u00a0\u00bb] &nbsp;Infomania est une soci\u00e9t\u00e9 de service conseil et d\u2019ing\u00e9nierie informatique cr\u00e9e en France et qui propose ses services sur l\u2019ensemble du territoire<span class=\"excerpt-hellip\"> [\u2026]<\/span><\/p>\n","protected":false},"author":1,"featured_media":0,"parent":0,"menu_order":0,"comment_status":"open","ping_status":"open","template":"","meta":{"footnotes":""},"class_list":["post-43","page","type-page","status-publish","hentry"],"_links":{"self":[{"href":"https:\/\/infomania-services-fr.mon.world\/index.php?rest_route=\/wp\/v2\/pages\/43","targetHints":{"allow":["GET"]}}],"collection":[{"href":"https:\/\/infomania-services-fr.mon.world\/index.php?rest_route=\/wp\/v2\/pages"}],"about":[{"href":"https:\/\/infomania-services-fr.mon.world\/index.php?rest_route=\/wp\/v2\/types\/page"}],"author":[{"embeddable":true,"href":"https:\/\/infomania-services-fr.mon.world\/index.php?rest_route=\/wp\/v2\/users\/1"}],"replies":[{"embeddable":true,"href":"https:\/\/infomania-services-fr.mon.world\/index.php?rest_route=%2Fwp%2Fv2%2Fcomments&post=43"}],"version-history":[{"count":9,"href":"https:\/\/infomania-services-fr.mon.world\/index.php?rest_route=\/wp\/v2\/pages\/43\/revisions"}],"predecessor-version":[{"id":201,"href":"https:\/\/infomania-services-fr.mon.world\/index.php?rest_route=\/wp\/v2\/pages\/43\/revisions\/201"}],"wp:attachment":[{"href":"https:\/\/infomania-services-fr.mon.world\/index.php?rest_route=%2Fwp%2Fv2%2Fmedia&parent=43"}],"curies":[{"name":"wp","href":"https:\/\/api.w.org\/{rel}","templated":true}]}}